{"id":554,"date":"2017-07-21T22:52:15","date_gmt":"2017-07-21T20:52:15","guid":{"rendered":"http:\/\/leonardogoliavincent.com\/?page_id=554"},"modified":"2024-08-28T23:18:16","modified_gmt":"2024-08-28T21:18:16","slug":"autor","status":"publish","type":"page","link":"http:\/\/leonardogoliavincent.com\/","title":{"rendered":"SOBRE MI"},"content":{"rendered":"\n\n\t\t\t\t<img loading=\"lazy\" decoding=\"async\" src=\"http:\/\/leonardogoliavincent.com\/wp-content\/uploads\/2017\/07\/cropped-Leoweb.jpg\" alt=\"http:\/\/leonardogoliavincent.com\/wp-content\/uploads\/2017\/07\/cropped-Leoweb.jpg\" itemprop=\"image\" height=\"512\" width=\"512\" title=\"cropped-Leoweb.jpg\" onerror=\"this.style.display='none'\"  \/>\n\t<p><strong>Leonardo Golia Vincent<\/strong> es Autor , Ilustrador y Graduado en psicolog\u00eda<\/p>\n<p>Nacido en Buenos Aires, actualmente reside en Barcelona, donde se desempe\u00f1a como orientador laboral y formador para una Fundaci\u00f3n prestigiosa. En el pasado, ha colaborado con diferentes cent ros de Salud Mental, combinando el trabajo terap\u00e9utico con talleres de arte y literatura.<\/p>\n<p>Tiene formaci\u00f3n autodidacta como ilustrador. Adem\u00e1s de narrador es poeta, y entre sus intereses literarios, se destacan la novela policial y la literatura fant\u00e1stica. Se dedica desde hace muchos a\u00f1os al estudio de la C\u00e1bala, la Alquimia y otras Ciencias Tradicionales, temas que han influido notablemente su escritura.<\/p>\n<p>&nbsp;<\/p>\n<p>foto: Aman Soni<\/p>\n<p>https:\/\/www.amansonistudio.com\/<\/p>\n<p>&nbsp;<\/p>\n\n","protected":false},"excerpt":{"rendered":"<p>Leonardo Golia Vincent es Autor , Ilustrador y Graduado en psicolog\u00eda Nacido en Buenos Aires, actualmente reside en Barcelona, donde se desempe\u00f1a como orientador laboral y formador para una Fundaci\u00f3n prestigiosa. En el pasado, ha colaborado con diferentes cent ros de Salud Mental, combinando el trabajo terap\u00e9utico con talleres de arte y literatura. Tiene formaci\u00f3n <a class=\"read-more\" href=\"http:\/\/leonardogoliavincent.com\/\">Leer m\u00e1s&#8230;<\/a><\/p>\n","protected":false},"author":1,"featured_media":0,"parent":0,"menu_order":0,"comment_status":"closed","ping_status":"closed","template":"","meta":{"footnotes":""},"class_list":["post-554","page","type-page","status-publish","hentry"],"post_mailing_queue_ids":[],"_links":{"self":[{"href":"http:\/\/leonardogoliavincent.com\/index.php?rest_route=\/wp\/v2\/pages\/554"}],"collection":[{"href":"http:\/\/leonardogoliavincent.com\/index.php?rest_route=\/wp\/v2\/pages"}],"about":[{"href":"http:\/\/leonardogoliavincent.com\/index.php?rest_route=\/wp\/v2\/types\/page"}],"author":[{"embeddable":true,"href":"http:\/\/leonardogoliavincent.com\/index.php?rest_route=\/wp\/v2\/users\/1"}],"replies":[{"embeddable":true,"href":"http:\/\/leonardogoliavincent.com\/index.php?rest_route=%2Fwp%2Fv2%2Fcomments&post=554"}],"version-history":[{"count":49,"href":"http:\/\/leonardogoliavincent.com\/index.php?rest_route=\/wp\/v2\/pages\/554\/revisions"}],"predecessor-version":[{"id":1271,"href":"http:\/\/leonardogoliavincent.com\/index.php?rest_route=\/wp\/v2\/pages\/554\/revisions\/1271"}],"wp:attachment":[{"href":"http:\/\/leonardogoliavincent.com\/index.php?rest_route=%2Fwp%2Fv2%2Fmedia&parent=554"}],"curies":[{"name":"wp","href":"https:\/\/api.w.org\/{rel}","templated":true}]}}