{"id":686,"date":"2017-08-10T21:40:40","date_gmt":"2017-08-10T19:40:40","guid":{"rendered":"http:\/\/leonardogoliavincent.com\/?page_id=686"},"modified":"2024-08-28T00:07:37","modified_gmt":"2024-08-27T22:07:37","slug":"blog","status":"publish","type":"page","link":"http:\/\/leonardogoliavincent.com\/?page_id=686","title":{"rendered":"POES\u00cdA"},"content":{"rendered":"<p>La secci\u00f3n de poes\u00eda, es un espacio donde las palabras se convierten en espejo de nuestra mirada. \u00a0Aqu\u00ed, las colecciones de poemas ofrecen una reflexi\u00f3n contempor\u00e1nea sobre el amor y la complejidad de las relaciones humanas.<\/p>\n<p>\u00ab<strong>Superficies de Ef\u00edmera Delicia<\/strong>\u00ab, es una serie inspirada en ambientes de discoteca, espacios lounges, encuentros fugaces, mundo de luces y sombras, \u00a0donde la seducci\u00f3n y la superficialidad se revelan como un juego delicado entre lo ef\u00edmero y lo duradero.<\/p>\n<p>\t\t\t<a href=\"http:\/\/leonardogoliavincent.com\/?p=1210\" target=\"_blank\" rel=\"noopener\" ><br \/>\n\t\t\t\t\t\tSuperficies de Ef\u00edmera Delicia<br \/>\n\t\t\t\t\t<\/a><\/p>\n<p>\u00ab<strong>Indicios Desnudos<\/strong>\u00bb atrapa momentos \u00edntimos, desvelando la belleza en sentimientos de desamor, soledad, y la b\u00fasqueda de conexi\u00f3n en un mundo cada vez m\u00e1s distante.<\/p>\n<p>\t\t\t<a href=\"http:\/\/leonardogoliavincent.com\/?p=1225\" target=\"_blank\" rel=\"noopener\" ><br \/>\n\t\t\t\t\t\tIndicios Desnudos<br \/>\n\t\t\t\t\t<\/a><\/p>\n","protected":false},"excerpt":{"rendered":"<p>La secci\u00f3n de poes\u00eda, es un espacio donde las palabras se convierten en espejo de nuestra mirada. \u00a0Aqu\u00ed, las colecciones de poemas ofrecen una reflexi\u00f3n contempor\u00e1nea sobre el amor y la complejidad de las relaciones humanas. \u00abSuperficies de Ef\u00edmera Delicia\u00ab, es una serie inspirada en ambientes de discoteca, espacios lounges, encuentros fugaces, mundo de luces <a class=\"read-more\" href=\"http:\/\/leonardogoliavincent.com\/?page_id=686\">Leer m\u00e1s&#8230;<\/a><\/p>\n","protected":false},"author":1,"featured_media":0,"parent":0,"menu_order":0,"comment_status":"closed","ping_status":"closed","template":"","meta":{"footnotes":""},"class_list":["post-686","page","type-page","status-publish","hentry"],"post_mailing_queue_ids":[],"_links":{"self":[{"href":"http:\/\/leonardogoliavincent.com\/index.php?rest_route=\/wp\/v2\/pages\/686"}],"collection":[{"href":"http:\/\/leonardogoliavincent.com\/index.php?rest_route=\/wp\/v2\/pages"}],"about":[{"href":"http:\/\/leonardogoliavincent.com\/index.php?rest_route=\/wp\/v2\/types\/page"}],"author":[{"embeddable":true,"href":"http:\/\/leonardogoliavincent.com\/index.php?rest_route=\/wp\/v2\/users\/1"}],"replies":[{"embeddable":true,"href":"http:\/\/leonardogoliavincent.com\/index.php?rest_route=%2Fwp%2Fv2%2Fcomments&post=686"}],"version-history":[{"count":10,"href":"http:\/\/leonardogoliavincent.com\/index.php?rest_route=\/wp\/v2\/pages\/686\/revisions"}],"predecessor-version":[{"id":1231,"href":"http:\/\/leonardogoliavincent.com\/index.php?rest_route=\/wp\/v2\/pages\/686\/revisions\/1231"}],"wp:attachment":[{"href":"http:\/\/leonardogoliavincent.com\/index.php?rest_route=%2Fwp%2Fv2%2Fmedia&parent=686"}],"curies":[{"name":"wp","href":"https:\/\/api.w.org\/{rel}","templated":true}]}}